-30 - -50. Calculate the highest common divisor of 4 and i.
4
Suppose 9*n = 6*n + 36. What is the highest common factor of n and 12?
12
Suppose 50 = 12*z - 7*z. Calculate the greatest common factor of 30 and z.
10
Suppose -4*s = -0*s - 8. Suppose -4*t - 6*j + 12 = -2*j, 2*t - 2 = 2*j. Let b = t + s. What is the highest common factor of 28 and b?
4
Suppose -r = -11 - 0. Let a be ((-115)/(-3))/(3/(-9)). Let s = -60 - a. What is the greatest common factor of s and r?
11
Suppose 0 = -4*l - 4, 0 = -5*o - 3*l + 197 - 25. Calculate the highest common divisor of 14 and o.
7
Let m(j) = -3*j - 12. Let a be m(-7). What is the highest common divisor of 108 and a?
9
Let n be -88*(9/3 - 4). What is the greatest common divisor of n and 22?
22
Let z(b) = 2*b + 22. Let l be z(-6). Calculate the highest common divisor of l and 40.
10
Suppose -2*v = -10 - 10. Let j be (-4)/v + 469/35. What is the highest common factor of 117 and j?
13
Let u be (-2)/(-1) - (5 - 10). What is the greatest common factor of u and 28?
7
Let x(d) = 7*d - 7. Let p be x(3). Suppose 4*m + 640 = -m. Let l be m/(-6)*21/p. What is the greatest common divisor of l and 8?
8
Let k = -21 - -15. Let i = -9 + k. Let a be i*((-13)/3 - 2). What is the highest common factor of a and 19?
19
Suppose -u - 5 = 2*s - 4*s, 0 = 4*s + 2*u + 2. Calculate the highest common divisor of 2 and s.
1
Let y(g) be the second derivative of -g**3/6 + 15*g**2/2 - 4*g. Let m be y(10). Calculate the highest common divisor of 20 and m.
5
Suppose -5*x - 160 = -2*z, x + 34 + 10 = -2*z. Let s = x - -19. Let u be (-14)/(-5) - 3/s. What is the highest common divisor of 24 and u?
3
Suppose 18*m - 240 = 17*m. Suppose -4*r - 62 = -182. Calculate the greatest common factor of r and m.
30
Suppose 0 = -n + 3*n - 294. Calculate the highest common factor of 21 and n.
21
Let y = -9 - -15. Suppose -y = -h + 9. Let o = 0 + 120. Calculate the greatest common divisor of h and o.
15
Suppose 2*t + 3*t + q + 2 = 0, 2*t - 4*q - 8 = 0. Let h = 1 - t. Let w = -3 - -8. What is the highest common factor of h and w?
1
Let k(t) = -t**3 - 4*t**2 + 3. Let o(i) = -i**2 - i. Let p(f) = k(f) + o(f). Let b be p(-5). What is the highest common factor of 64 and b?
8
Suppose -3*w - 2*f - 3*f = -135, -4*w = -3*f - 151. Let u = -1 + 3. Suppose -u*v + 15 = -5. What is the greatest common divisor of w and v?
10
Let c = 16 - 4. Suppose -2*a - 8 + 20 = 0. What is the greatest common factor of c and a?
6
Let n(s) = 20*s**2 + s - 1. Let z be n(-2). Calculate the highest common factor of z and 11.
11
Suppose -2*o - 64 = -256. What is the highest common factor of 24 and o?
24
Suppose 3 + 7 = 2*z, 4*z + 19 = 3*g. Suppose -37 = -o - 2*m + 13, -154 = -3*o - 2*m. What is the highest common factor of g and o?
13
Let l(o) = 24*o**2 - o - 1. Let s be l(-1). Suppose -6*r + 5*r + s = 0. Let f be (18/(-15))/((-1)/30). Calculate the greatest common divisor of r and f.
12
Let c be (-9)/7 + 6/21. Let o = c + 5. What is the greatest common factor of 10 and o?
2
Suppose -10 = 5*z - 3*v + 15, -z - 4*v = -18. Let m be z - (0 + 0) - -4. What is the highest common factor of m and 2?
2
Let j be (-4 - -1) + 24/4. Suppose -3 = 2*g - j*g. Suppose -g = -5*v + l + 31, -4 = -4*l. What is the greatest common divisor of 7 and v?
7
Suppose -t = -3*s + 2, 2*s - 5*t = -3*s. Suppose -4 = 5*v + 3*b, -2*v = -0*v + 5*b + 13. Calculate the greatest common divisor of s and v.
1
Let a(h) = 4*h - 15. Let c be a(7). Calculate the highest common factor of c and 104.
13
Suppose 4*m = -12, -5*l - 242 = -10*l - m. Calculate the highest common factor of l and 7.
7
Let c(j) be the third derivative of -j**6/120 - j**5/12 - j**4/6 + j**3/2 - 5*j**2. Let p be c(-4). What is the greatest common divisor of 33 and p?
3
Suppose 6 = 5*a + 111. Let z be (-69)/a - (-2)/(-7). What is the highest common factor of z and 3?
3
Let o = -2 + 9. Let r(x) = x**3 + 6*x**2 - 4*x + 4. Let y be r(-6). What is the greatest common divisor of o and y?
7
Let i be -3*385/(-6)*68/85. Suppose 5*q + 17 = -3*a + 64, a = 5*q + 9. Calculate the highest common divisor of i and a.
14
Let z be (-22)/(-11)*174/4. Calculate the highest common divisor of 29 and z.
29
Let f = 15 - 21. Let l = 9 + f. Let r be 143/l + 3/9. What is the highest common divisor of 32 and r?
16
Let d(t) be the second derivative of t**4/12 - 2*t**3 + 6*t**2 + 8*t. Let w be d(12). Calculate the greatest common factor of w and 24.
12
Let g(j) = 3 + 6*j**3 + 3*j**2 - 5*j**2 + 0*j**2. Let u be g(3). Suppose 0 = 5*a - 128 - u. What is the greatest common factor of 22 and a?
11
Let o(d) = -d**2 + 9*d - 1. Let b be o(8). What is the greatest common divisor of b and 63?
7
Let c be 0 - 10/(2*-1). Let x(y) = y**3 + 5*y**2 - 3*y + 10. Let k be x(-5). Calculate the greatest common divisor of k and c.
5
Suppose 0 = -3*o + 89 + 100. Calculate the highest common factor of o and 42.
21
Suppose -868 = 5*r + 2*q, 4*q + 429 + 89 = -3*r. Let a = r - -363. What is the greatest common divisor of a and 21?
21
Let z be (5/(-10))/((-1)/(-10)). Let k(o) = o**3 + 6*o**2 - 7. Let j be k(z). Calculate the highest common divisor of 9 and j.
9
Suppose 5*d - 129 = 51. Let h = d - -6. What is the greatest common divisor of h and 21?
21
Let k = -1 - -7. Suppose -2*v = -2*f + 4*f - k, 2 = -2*f. Calculate the greatest common factor of 24 and v.
4
Let g(k) = -k**2 + 19*k - 46. Let x be g(16). What is the highest common divisor of 2 and x?
2
Suppose 419 = 6*u + 119. Suppose 3*j + 5*g - 365 = 0, -2*j = 2*j - g - 502. Calculate the highest common divisor of j and u.
25
Suppose 0 = -n - 2 + 3. Let o be 0*n/(3 + -4). Let l(w) = -w**2 + 8. Let h be l(o). Calculate the highest common divisor of h and 8.
8
Let r be (-37)/3 + (-2)/(-6). Let v be (-938)/r - (-2)/(-12). Calculate the highest common divisor of 13 and v.
13
Let m be (36/(-15))/((-8)/(-20)*-1). What is the greatest common divisor of 15 and m?
3
Let d = 84 - 18. Suppose -f + 3*u = -5, -3*u - 10 - 6 = -2*f. What is the greatest common divisor of d and f?
11
Suppose -8*g + 13 = -3. Calculate the greatest common factor of g and 20.
2
Suppose 3*b = 32 + 13. Suppose b = 2*c + 5. What is the highest common divisor of c and 2?
1
Let t(u) = u**2 - 7. Let z be t(-7). Let c(y) = y**2 - 6*y + 6. Let r be c(4). Let b be r/(-3)*3*14. Calculate the greatest common factor of z and b.
14
Let l be (-318)/(-24) - 2/8. What is the greatest common divisor of 91 and l?
13
Let o be 96/(-2 - -3) + -3. Let s = -51 + o. What is the highest common divisor of s and 6?
6
Suppose 0 = 2*o + 21 - 197. Suppose 18 = 3*b - 6. What is the greatest common factor of o and b?
8
Let s = 157 - 146. What is the greatest common factor of 33 and s?
11
Let c be (64/10)/(2/5). Calculate the greatest common divisor of c and 80.
16
Suppose -h = h - 6. Suppose h*f + 16 = 478. What is the highest common factor of 14 and f?
14
Suppose 3*o + 4*c = -14, -2*c = -o - c + 7. Let j(x) = 2*x**3 - 2*x**2 - 2*x + 1. Let k be j(o). What is the highest common divisor of k and 35?
5
Let o(b) = -2*b - 17. Let p be o(-9). Let m be (0 - -1)/(p/10). What is the greatest common divisor of m and 80?
10
Let a(z) = -z. Let p be a(7). Let u = -39 - -60. Let n = u + p. What is the highest common divisor of n and 42?
14
Suppose -5 - 25 = 5*s. Let h = 30 - s. What is the greatest common divisor of h and 90?
18
Let v(f) = f - 2*f - 2 + 3. Let u(w) = 3*w - 29. Let r(m) = -u(m) - 4*v(m). Let i be r(0). What is the highest common factor of 10 and i?
5
Let m(k) = k**2 - 4*k + 5. Let w be m(-7). What is the greatest common divisor of 41 and w?
41
Suppose -u - 5*b = -27, 4*b - 104 - 4 = -4*u. What is the greatest common divisor of 9 and u?
9
Suppose 4*i = -3*y + 34, i + 3*i - 26 = y. Let d be i - (0 + (-3 - -1)). Calculate the highest common divisor of d and 36.
9
Let s = 64 - 25. Suppose -3*t + 62 - 17 = 2*u, -u - 2*t = -20. Let o = u + -17. Calculate the greatest common factor of s and o.
13
Let j = 54 + -26. What is the highest common factor of j and 4?
4
Let g = 386 - 266. Calculate the highest common divisor of 15 and g.
15
Suppose 0 = -5*a + 11 + 59. Calculate the highest common divisor of 126 and a.
14
Suppose -5 + 1 = -4*s. Let i be ((-32)/20)/((-2)/10). What is the highest common factor of s and i?
1
Let i(w) = -16*w**3 + w. Let